{"id":39,"date":"2019-04-30T14:36:30","date_gmt":"2019-04-30T12:36:30","guid":{"rendered":"http:\/\/bewegung-dorejacobs.de\/?page_id=39"},"modified":"2024-02-13T21:43:45","modified_gmt":"2024-02-13T20:43:45","slug":"fussreflexzonenmassage","status":"publish","type":"page","link":"http:\/\/bewegung-dorejacobs.de\/?page_id=39","title":{"rendered":"Fu\u00dfreflexzonenmassage"},"content":{"rendered":"<p>Unsere F\u00fc\u00dfe spiegeln in ihren Reflexzonen den ganzen K\u00f6rper wieder.<br \/>\nDie Massage der F\u00fc\u00dfe wirkt heilend, harmonisierend und entspannend auf den ganzen K\u00f6rper zur\u00fcck.<br \/>\nDie F\u00fc\u00dfe werden durch die Massage lebendiger und bewusster wahrgenommen.<\/p>\n<p><img loading=\"lazy\" decoding=\"async\" class=\"alignnone size-full wp-image-81\" src=\"http:\/\/bewegung-dorejacobs.de\/wp-content\/uploads\/2019\/04\/fussreflex_1.jpg\" alt=\"\" width=\"170\" height=\"114\" \/> <img loading=\"lazy\" decoding=\"async\" class=\"alignnone size-full wp-image-82\" src=\"http:\/\/bewegung-dorejacobs.de\/wp-content\/uploads\/2019\/04\/fussreflex_2.jpg\" alt=\"\" width=\"170\" height=\"114\" \/><\/p>\n<p>Eine Fu\u00dfreflexzonenmassage dauert ca. 40 Minuten und kostet 55 Euro.<\/p>\n","protected":false},"excerpt":{"rendered":"<p>Unsere F\u00fc\u00dfe spiegeln in ihren Reflexzonen den ganzen K\u00f6rper wieder. Die Massage der F\u00fc\u00dfe wirkt heilend, harmonisierend und entspannend auf den ganzen K\u00f6rper zur\u00fcck. Die F\u00fc\u00dfe werden durch die Massage lebendiger und bewusster wahrgenommen. Eine Fu\u00dfreflexzonenmassage dauert ca. 40 Minuten und kostet 55 Euro.<\/p>\n","protected":false},"author":1,"featured_media":0,"parent":0,"menu_order":0,"comment_status":"closed","ping_status":"closed","template":"","meta":{"footnotes":""},"_links":{"self":[{"href":"http:\/\/bewegung-dorejacobs.de\/index.php?rest_route=\/wp\/v2\/pages\/39"}],"collection":[{"href":"http:\/\/bewegung-dorejacobs.de\/index.php?rest_route=\/wp\/v2\/pages"}],"about":[{"href":"http:\/\/bewegung-dorejacobs.de\/index.php?rest_route=\/wp\/v2\/types\/page"}],"author":[{"embeddable":true,"href":"http:\/\/bewegung-dorejacobs.de\/index.php?rest_route=\/wp\/v2\/users\/1"}],"replies":[{"embeddable":true,"href":"http:\/\/bewegung-dorejacobs.de\/index.php?rest_route=%2Fwp%2Fv2%2Fcomments&post=39"}],"version-history":[{"count":4,"href":"http:\/\/bewegung-dorejacobs.de\/index.php?rest_route=\/wp\/v2\/pages\/39\/revisions"}],"predecessor-version":[{"id":298,"href":"http:\/\/bewegung-dorejacobs.de\/index.php?rest_route=\/wp\/v2\/pages\/39\/revisions\/298"}],"wp:attachment":[{"href":"http:\/\/bewegung-dorejacobs.de\/index.php?rest_route=%2Fwp%2Fv2%2Fmedia&parent=39"}],"curies":[{"name":"wp","href":"https:\/\/api.w.org\/{rel}","templated":true}]}}

Fußreflexzonenmassage

<p>Unsere Füße spiegeln in ihren Reflexzonen den ganzen Körper wieder.<br />
Die Massage der Füße wirkt heilend, harmonisierend und entspannend auf den ganzen Körper zurück.<br />
Die Füße werden durch die Massage lebendiger und bewusster wahrgenommen.</p>
<p><img loading="lazy" decoding="async" class="alignnone size-full wp-image-81" src="http://bewegung-dorejacobs.de/wp-content/uploads/2019/04/fussreflex_1.jpg" alt="" width="170" height="114" /> <img loading="lazy" decoding="async" class="alignnone size-full wp-image-82" src="http://bewegung-dorejacobs.de/wp-content/uploads/2019/04/fussreflex_2.jpg" alt="" width="170" height="114" /></p>
<p>Eine Fußreflexzonenmassage dauert ca. 40 Minuten und kostet 55 Euro.</p>

<p>Unsere Füße spiegeln in ihren Reflexzonen den ganzen Körper wieder. Die Massage der Füße wirkt heilend, harmonisierend und entspannend auf den ganzen Körper zurück. Die Füße werden durch die Massage lebendiger und bewusster wahrgenommen. Eine Fußreflexzonenmassage dauert ca. 40 Minuten und kostet 55 Euro.</p>
